 b(q) = -12*q + 4. Let y = -2 + -1. Let n be b(y). Calculate the highest common divisor of 8 and n.
8
Suppose -5*d + 157 = -43. Suppose 0 = 3*w - 0*u + 3*u - 15, 4*w = -u + 5. Suppose w = h + 3*h - 32. What is the highest common divisor of h and d?
8
Suppose 0 = 4*t - t - 147. Suppose -7 = y - t. Let q be (4/12)/((-4)/(-252)). Calculate the highest common factor of q and y.
21
Let c(f) be the first derivative of 2*f**2 - 2. Let l be c(5). What is the highest common divisor of 10 and l?
10
Suppose -4*f + 14 = 3*i, -i + 14 = i + 5*f. Let q(h) = -h**2 + 7*h - 4. Let v be q(6). What is the greatest common divisor of i and v?
2
Let b(f) = 8*f**2 + f. Let p be b(1). Calculate the greatest common factor of p and 9.
9
Let m = -40 + 62. Calculate the greatest common divisor of m and 44.
22
Let k be ((-24)/10)/((-18)/300). What is the greatest common factor of k and 15?
5
Suppose n + 4*n = x + 178, 4*x = -4*n + 152. Calculate the greatest common factor of n and 12.
12
Let x(a) be the third derivative of 13*a**4/24 - 2*a**3/3 + 3*a**2. Let p be x(7). Let z = p + -51. Calculate the greatest common factor of z and 24.
12
Let q be (6 - 36)*18/(-4). Calculate the greatest common factor of 30 and q.
15
Suppose -11 = -4*f - q, -f + 0*q - 2*q = -1. Suppose -51 = -4*t + f*t. Suppose t + 1 = 4*u. Calculate the greatest common factor of 13 and u.
13
Let z = -6 + 14. What is the highest common divisor of 16 and z?
8
Suppose 8 + 14 = 4*q - 5*k, 2*k - 36 = -4*q. Let t be (-1 + -23)*(-2)/4. What is the greatest common factor of t and q?
4
Suppose -4*o - 4*t = -68, 6*o = o - 4*t + 83. What is the highest common divisor of 75 and o?
15
Suppose 288 = 5*j + 4*m, 0 = -0*j + 3*j + m - 177. What is the greatest common divisor of j and 24?
12
Let t(a) = a + 9. Let g be t(4). What is the greatest common factor of 52 and g?
13
Let q(o) = -19*o - 10 + 28 - 15*o. Let z(h) = -11*h + 6. Let d(v) = -5*q(v) + 16*z(v). Let t be d(-6). What is the highest common factor of 6 and t?
6
Suppose k + 2*f = 5*f + 42, -f = 5*k - 130. Suppose 0*x + 3*x + 3 = -4*g, 2*g - 3 = -3*x. Calculate the highest common factor of k and x.
3
Let w(t) = -t + 2. Let s be w(6). Let i be (38/s)/(1/(-6)). Suppose -3*l + f + i = -2*f, l - 21 = -f. What is the greatest common factor of l and 10?
10
Suppose -4*m - 2*d = -32, 3*d - 30 = -4*m + 2*d. Suppose -m*f + 4*f + 30 = 0. Let c(h) = -90*h. Let b be c(-1). Calculate the highest common factor of b and f.
10
Let u = -33 + 66. Calculate the highest common divisor of u and 297.
33
Suppose 4*c - 50 = 42. Calculate the greatest common divisor of c and 230.
23
Let w(d) be the second derivative of d**3/6 - 11*d**2/2 - 7*d. Let c be w(12). Calculate the highest common divisor of c and 1.
1
Let b be ((-2)/4)/((-7)/84). Suppose 0 = 3*a + 3*r + b - 36, -4*r = 0. Calculate the highest common divisor of 30 and a.
10
Suppose -3*x + 5*t + 27 = 0, 0 = -2*x + t - 4*t + 37. Let q = -6 + 11. Let l = x - q. What is the greatest common factor of 63 and l?
9
Let p(o) be the first derivative of -o**3/3 + 5*o**2/2 - 2*o + 2. Let g be p(4). Let f be g - (-21 + (1 - 2)). What is the highest common divisor of f and 60?
12
Let l = -16 + 4. Let b be (-61)/(-3) + 4/l. Suppose -2*p - 96 = -3*j, p + 68 = 3*j - 25. What is the highest common divisor of b and j?
10
Let r be 26/6 + (-2)/6. Let i(b) = 3*b - 6. Let m be i(5). Let n be ((-20)/(-6))/(3/m). Calculate the highest common factor of r and n.
2
Suppose -z + 5*z = k + 11, 4*z = -2*k + 26. What is the greatest common divisor of z and 2?
2
Let b = -494 - -518. Suppose -w - 5*j + 61 = 0, 6*w - 2*j - 134 = 2*w. What is the highest common factor of b and w?
12
Suppose 6 = 3*h - 0. Let i(q) = q**2 - 2*q + q**3 - 6*q + 8 + 6*q**h. Let w be i(-8). What is the greatest common factor of 24 and w?
8
Let c(t) = t + 14. Let n be c(-6). Let x be (6 - 4) + -5 + -1. Let p = x + 12. What is the highest common divisor of p and n?
8
Let v be (-1)/2 + (-66)/(-4). Suppose 638 = 9*u - 11*u. Let l = 447 + u. What is the greatest common factor of l and v?
16
Let l(w) = -2*w**2 + 43*w - 12. Let m be l(21). Calculate the highest common factor of m and 1.
1
Suppose 0 = -4*o + 2*o + 78. Suppose -6*r + o = -3*r. Suppose 0 = -y + 45 + 7. What is the highest common factor of y and r?
13
Suppose -2*r + 43 + 61 = 0. Calculate the greatest common factor of 13 and r.
13
Suppose -18 = c - 4*c. Let z be (-335)/(-20) + c/(-8). Calculate the highest common factor of z and 176.
16
Let j be 50/4*32/5. What is the highest common divisor of j and 10?
10
Suppose 2*s = 3 + 5. Suppose -14 = -4*a + s*t - 2*t, -2*a - 3*t + 27 = 0. Suppose 57 = 5*g - 18. What is the highest common divisor of a and g?
3
Let r(g) be the third derivative of -g**6/120 + g**5/15 + g**4/8 + 2*g**3/3 + 4*g**2. Let l be r(4). What is the greatest common divisor of l and 4?
4
Suppose 0 = 2*r - 26 + 2. Let f = 22 + -10. Calculate the highest common divisor of f and r.
12
Let w be 24/10 + 6/(-15). Suppose -z - 22 = -3*k, -3*z - 33 - 9 = -5*k. Let r = 10 + k. What is the highest common divisor of r and w?
2
Let d be 1/3 + 12/18. Calculate the highest common factor of d and 1.
1
Suppose 2 = -3*c + 4*c. Let b be 0 - (-1 + -46 + c). Suppose 2*l - 3*s = 4, -l - 13 = -2*l - 4*s. What is the greatest common factor of b and l?
5
Let c be ((-6)/(-9) + 0)*6. Let w be 192/14 + c/14. What is the highest common factor of 126 and w?
14
Let u = -67 + 111. Calculate the highest common divisor of u and 22.
22
Let w = 56 - 336. Let b be w/(-30) - (-2)/3. Calculate the greatest common factor of b and 4.
2
Let l = -24 - -104. What is the highest common divisor of 16 and l?
16
Let z be (-5)/((-2 + 21/11)/1). Calculate the greatest common divisor of z and 22.
11
Let z(k) = 6*k**2 - 3*k - 2. Let n be z(-2). What is the highest common factor of 42 and n?
14
Let d be 4558/22 + (-2)/11. What is the greatest common divisor of 23 and d?
23
Let s be 1/((-14)/(-12) + -1). Calculate the highest common factor of s and 30.
6
Let v = -10 + 31. Let z = -10 + v. What is the greatest common factor of 44 and z?
11
Suppose 3 + 3 = -g + 4*h, 5*g + 3*h = 39. Let a(w) = w + 8. Let j be a(-5). Let d(u) = 7*u + 3. Let f be d(j). Calculate the greatest common divisor of f and g.
6
Suppose -o + 1 = -0. Calculate the highest common divisor of o and 7.
1
Suppose -w = 4*a - 2*w - 297, -3*w + 84 = a. Let r be (27/(-12))/(5 - 206/40). What is the greatest common factor of r and a?
15
Suppose 4*s = -3*n + 84 + 157, -2*s - 10 = 0. Let b = 3 - -55. What is the greatest common factor of b and n?
29
Let j = 133 - 60. Suppose 2*l + j = 4*n - 49, -n + 3*l = -33. Suppose -378 + 3 = -5*v. What is the greatest common divisor of v and n?
15
Let g(d) = -3*d**2 + 3*d + 1. Let n be g(-3). Let s be (-10)/n - 40/(-7). What is the highest common divisor of s and 2?
2
Let d be (-12)/(-6) + 4/1. What is the highest common factor of d and 24?
6
Let h = -9 - -27. Suppose -t + 19 = 2*q, -3*q = -6*q + t + 26. Calculate the highest common divisor of q and h.
9
Suppose -3*t - 51 = -6. Let g = t + 7. Let l be g/(-6) - 6/(-9). What is the highest common divisor of 18 and l?
2
Suppose 213 = 3*r + p, 5*r + 2*p = -0*p + 354. Calculate the highest common divisor of 24 and r.
24
Let i(m) = 2*m**2. Let b be i(-3). Let h(f) = f + 3. Let d be h(-3). Let n be (-3)/9*d + 2. Calculate the highest common divisor of b and n.
2
Suppose -r = -5*w - 80, 3*r - 335 = -0*r - 4*w. Let u(x) = x**2 - 4*x + 3. Let z be u(6). Calculate the highest common factor of r and z.
15
Let m = 30 + -13. Calculate the greatest common divisor of m and 68.
17
Let s(n) = -3*n - 1 + n**3 + n**2 - n + 2*n - 2*n**2. Let i be s(3). What is the highest common divisor of 11 and i?
11
Suppose n - 2*n + 21 = 4*t, n - 17 = -3*t. Let r be ((-7)/(-3))/((-2)/(-30)). What is the highest common factor of r and n?
5
Let s = 37 + -1. Calculate the highest common divisor of s and 54.
18
Let g be (-5)/(-2)*40/50. Suppose -118 = 3*l + 5*k - 605, -5*k = -g*l + 283. What is the greatest common divisor of l and 14?
14
Let z be 409/3 - (-21)/(-63). What is the highest common factor of 17 and z?
17
Let v = 2 + 0. Suppose 0 = -5*k + v*k + 54. Calculate the highest common divisor of k and 36.
18
Suppose -j - 78 = -7*j. What is the highest common facto